?
1
Let r(i) = 3*i - 166. Let c be r(0). Let v = -70 - c. What is the units digit of v?
6
Suppose 0 = 5*h + 6 + 9. Let c be 61 + ((-1)/h - 22/(-33)). Suppose a - 3*a = -4*p - c, 2*p = -3*a + 53. What is the tens digit of a?
2
Let z = 13 - 8. Let y(l) = -l**3 + 55*l**2 - 10*l + 558. Let c be y(55). What is the tens digit of 452/z + (c/(-20) - -1)?
9
Let p(l) = 1201*l**2 - l. Let w be p(1). Let z be (-2)/(-7) - w/35. What is the tens digit of 3*z/(-6) - -1?
1
Let r be ((-21)/14)/(9/(-12)). What is the tens digit of (28 - 26)/(r/347)?
4
Let v be 1/(1 + (-2240)/2235). Let r = v - -644. Suppose -173 = -5*w + r. What is the tens digit of w?
7
Let h(n) = 58*n + 26. Suppose 5*u + 3*u = 5*u. Let x be 7*(-2 - u)*(-28)/98. What is the units digit of h(x)?
8
Suppose 35*g - 162 = 29*g. Suppose 45*w - g*w = 21672. What is the tens digit of w?
0
What is the tens digit of 2071 + (-187)/(1 + -12)?
8
Let m(j) = -j**2 + 1. Let a(g) = g**3 + 9*g**2 - 1. Let n be a(-9). Let p(u) = 3*u**2 - 61*u + 26. Let c(h) = n*p(h) - m(h). What is the tens digit of c(24)?
8
Suppose -12 = -2*a - 6. Suppose 2*k = -8, -a*k + 6*k = -5*z + 1028. What is the hundreds digit of z?
2
Let l(s) = -3*s + 3. Let r be l(0). Suppose -2*w + 31 = r. What is the units digit of w?
4
Let n be ((-63)/(-30) + 9/(-6))*5. Suppose n*i + 651 = 10*i. What is the units digit of i?
3
Let m be 1286/10 - (-6)/15. Let o = m - 70. What is the tens digit of o?
5
Suppose -5*b + 7*b + x = 194, 0 = 3*b + 2*x - 290. Let q = b - 124. What is the hundreds digit of q/(-143) + (1 - (-3756)/33)?
1
Let s(y) = 19469*y - 9463. What is the hundreds digit of s(3)?
9
Let n(i) = i**2 - 202*i + 77473. What is the thousands digit of n(0)?
7
Let d = -12 - -3. Suppose -5*x + 2*r - 441 = -r, 0 = -5*x - 5*r - 425. What is the units digit of x/d - (5 - 26/6)?
9
Let x(g) = -g**2 + 97*g - 1017. What is the thousands digit of x(61)?
1
Suppose -69*t + 2929206 = 13*t - 505446. What is the tens digit of t?
8
Let d(y) = -4*y + 7. Suppose -3*z + 4 = -32. Let m be d(z). Let c = m - -112. What is the units digit of c?
1
Let l(y) = 143*y**2 + 4*y - 9. Let v be l(2). Let o = v + 694. What is the hundreds digit of o?
2
What is the tens digit of (-7626829)/(-561) + (-2)/33?
9
Suppose 2*k - 142 = -0*k. Suppose 21*g = -0*g - 504. Let q = k + g. What is the units digit of q?
7
Let z(r) = -2*r**3 + 3*r**2 + 2*r. Let v be z(2). Suppose 2*d - 252 = -o - 3*d, v = -d + 1. What is the hundreds digit of o?
2
Let g(j) = 10*j**3 - 5*j**2 + 9*j - 20. What is the tens digit of g(6)?
1
Let a = -55 - -107. Let s = a - 62. Let u = s - -123. What is the tens digit of u?
1
Let a = 11454 + -6888. What is the tens digit of a?
6
Suppose 0 = -5*a - 2*j - 2, 4*a - 2*a = 2*j - 12. Let b be ((-20)/35)/(a/(-7)). What is the tens digit of 1 + b - -4*20?
7
Suppose -3*c = c - 68. Let n be 1 - -4 - 17/c. Suppose 124 = 2*k - n*u, u = 5*k - 13 - 270. What is the units digit of k?
6
Let h = 40 - 7. Let q = 83 + h. Let k = 279 - q. What is the hundreds digit of k?
1
Let p(z) be the third derivative of 0*z - 13/24*z**4 - 1/60*z**5 - 17*z**2 + 0 - 3*z**3. What is the tens digit of p(-10)?
1
What is the ten thousands digit of 396/(-252)*7 + (-192393)/(-3)?
6
Suppose -2*n - 3 + 20 = -3*g, 0 = 4*g + 12. Suppose -2*i = -5*u + 47, 3*u - n*i = -2*u + 49. Suppose 12*w = 27 + u. What is the units digit of w?
3
Let t(y) = 21*y**3 + 30*y**2 + 5*y + 48. What is the tens digit of t(7)?
5
Let w(h) = 16*h**2 - h + 2. Let o be w(1). Let m = o + -4. Let y = m - -11. What is the tens digit of y?
2
Let n = -137 - -188. Suppose 5*x + n - 671 = 0. What is the units digit of x?
4
Suppose 0 = -5*i + 4*u + 47 - 12, 2*u = i - 1. Suppose 9*j - 2676 = i*j. What is the units digit of j/(-22) + 14/77?
1
What is the units digit of (36/(-18) - -8567)*9?
5
Let l(u) = 214*u + 46. Let r be l(-5). Let s = -731 - r. What is the units digit of s?
3
Let d(g) = -g**2 - 12*g + 14. Let m be 156*((-21)/6)/(-7). Let a = m - 89. What is the tens digit of d(a)?
2
Let o(g) = 17*g + 20. Let b be ((-1)/(-3))/(1/6). Suppose 2*m = 4*w - 26, 4*w = b*m + m + 23. What is the units digit of o(w)?
6
Let k be -2*15/50*-2105. Suppose k = 8*c - 5*c. What is the units digit of c?
1
Suppose j - 21111 = -u, -4*u - 8 - 20 = 0. What is the hundreds digit of j?
1
Suppose -2*c = 3*q - 4*q + 6, q = 4*c + 10. Suppose q*m - 5*m + k = -8, 4*k = -2*m - 18. Let y(j) = 123*j**3 + j**2 - j + 1. What is the tens digit of y(m)?
2
Let s(g) = -2074*g - 390. What is the ten thousands digit of s(-18)?
3
Suppose -w = -3 - 13. Suppose w*y - 2205 = y. What is the hundreds digit of y?
1
Let b = 56 - 53. Suppose r - 338 = -p + b*r, r = 3*p - 1024. What is the units digit of p?
2
Let x(l) = 9270*l - 3194. What is the hundreds digit of x(7)?
6
Let h(x) = -86*x**3 - 3*x + 3. Let m be h(1). What is the tens digit of (-4 + m/(-6))*3?
3
Suppose 0 = -x + 4*t + 14649, 43872 = -71*x + 74*x + 3*t. What is the units digit of x?
9
What is the units digit of 9 + ((-588240)/8)/(-19)?
9
Let y(l) = -l**2 - 3*l + 88. Let w be y(8). Suppose 33*k - 44*k + 12331 = w. What is the hundreds digit of k?
1
Suppose 0 = -10*s + 18113 + 88147. Suppose -19*y = 2*y - s. What is the units digit of y?
6
Let f = 10693 - 5695. What is the tens digit of f?
9
Suppose -3*s = -4*j - 27444, -s + 4296 = -j - 4851. What is the units digit of s?
4
Let k(f) = 9 - 5*f + 12*f + 9. Let y be k(-8). Let u = y + 65. What is the tens digit of u?
2
Suppose -3*g - 19 = -4*n + 1, -g = -n + 6. Suppose -p + n = -w, 3*p = w + 4*p + 2. What is the units digit of 84 - (w - -2) - 0?
4
Let w = 112008 + -76542. What is the units digit of w?
6
Suppose 2*d + 338 = -26. Let z be d/5 - ((-48)/20 + 2). What is the tens digit of (-6)/z*-3*(2 - 176)?
8
Suppose 131*m = 124*m + 42. Suppose 2*o = -i + 1778, 5*i + m = -4. What is the units digit of o?
0
Let u = 61 + -59. Suppose 0 = u*r - 4. What is the units digit of -1*((-6)/r - 26)?
9
Suppose 1709 = -11*l - 766. Let j = l + 334. What is the tens digit of j?
0
Let k be (-5)/((-110)/4) + 100/55. Let f be 4 + k + -5 + 1. Suppose b = -f*m - b + 124, 4*b + 337 = 5*m. What is the units digit of m?
5
Suppose 0 = -7*p + 40989 + 11441 + 54474. What is the ten thousands digit of p?
1
Suppose 0 = -5*a + 5, -20 - 5 = -2*k - 5*a. Suppose -k + 1 = -i. Suppose 246 = -3*z + i*z. What is the tens digit of z?
4
Let o(b) be the second derivative of -b**5/20 - b**4/12 - b**3/3 + 3*b**2/2 - 18*b. Let s be o(4). Let h = 159 + s. What is the units digit of h?
4
Let w = 817 - -45191. What is the ten thousands digit of w?
4
Let s(i) = 261*i**2 + 90*i + 507. What is the units digit of s(-6)?
3
Let o = 67 + -50. Suppose 28 = -13*g + o*g. Suppose -285 - 107 = -g*q. What is the units digit of q?
6
Let n(v) be the second derivative of -53*v**3/2 + 5*v**2 - 36*v. What is the hundreds digit of n(-4)?
6
Let q = 28128 + -16822. What is the tens digit of q?
0
Suppose 18 = 77*c - 80*c. Let n(p) = -62*p - 52. What is the hundreds digit of n(c)?
3
Let r(q) = -8*q**3 + 11*q**2 + 27*q - 4. Suppose 0*p - 3*l = -2*p + 9, p - 3*l = 12. What is the units digit of r(p)?
0
Suppose 0*r = -5*r - 2*t + 33, -3*r - 2*t = -23. Suppose -w + 2884 = 9*p - 5*p, r*p = -2*w + 3602. What is the hundreds digit of p?
7
Let m(u) = 2*u**3 + 3*u**2 - 29*u + 343. What is the tens digit of m(15)?
3
Suppose 5*c = -5*z + 23800, 3*z = c + 8118 + 6142. What is the tens digit of z?
5
Let w be (6 - (9 - 5))*1/(-2). What is the tens digit of (-2)/(-8)*w - 521/(-4)?
3
Let x(w) = -27*w - 5 + 23*w - 3*w**2 + 5*w + 31*w**3. What is the tens digit of x(3)?
0
Suppose 5*d + 153626 = 9*s, 193*s - 2*d = 198*s - 85386. What is the units digit of s?
4
Suppose 0 = -p + 2*q + 9544, -18 = -26*q + 29*q. What is the hundreds digit of p?
5
Suppose -4*u + 14678 = -2*p - 18546, p = 4*u - 33220. What is the tens digit of u?
0
What is the tens digit of (-17)/(-1190)*-14 + (-10651)/(-5)?
3
Let n(y) = y**3 - 15*y**2 + 15*y - 12. Let f be n(14). Let h be 3/(6/8*f/4). Suppose h*k = 3*k + 560. What is the hundreds digit of k?
1
Let y = -2318 - -4432. Suppose 5*c + 4*i = -0*c + y, -4*c - 4*i + 1688 = 0. What is the tens digit of c?
2
Let r(v) = -77*v - 745. What is the thousands digit of r(-38)?
2
Suppose -3*m = -128379 + 41457. What is the hundreds digit of m?
9
Let g(w) = -